r when 11693 is divided by 207?
101
What is the remainder when 129172 is divided by 261?
238
What is the remainder when 472203 is divided by 74?
9
What is the remainder when 1949 is divided by 470?
69
Calculate the remainder when 31223 is divided by 6244.
3
What is the remainder when 20245 is divided by 5006?
221
Calculate the remainder when 7923 is divided by 377.
6
What is the remainder when 3175 is divided by 60?
55
What is the remainder when 2168 is divided by 211?
58
Calculate the remainder when 391733 is divided by 7391.
10
Calculate the remainder when 10955 is divided by 281.
277
What is the remainder when 9989 is divided by 145?
129
What is the remainder when 34306 is divided by 5712?
34
Calculate the remainder when 35863 is divided by 195.
178
Calculate the remainder when 42985 is divided by 86.
71
What is the remainder when 1962 is divided by 654?
0
Calculate the remainder when 19424 is divided by 882.
20
Calculate the remainder when 25681 is divided by 23.
13
What is the remainder when 1647793 is divided by 823895?
3
Calculate the remainder when 1875103 is divided by 937548.
7
Calculate the remainder when 33003 is divided by 417.
60
What is the remainder when 2607 is divided by 807?
186
What is the remainder when 1766 is divided by 1008?
758
Calculate the remainder when 3020 is divided by 1023.
974
Calculate the remainder when 321292 is divided by 688.
684
What is the remainder when 10866 is divided by 23?
10
Calculate the remainder when 739 is divided by 81.
10
Calculate the remainder when 23254 is divided by 141.
130
What is the remainder when 5028 is divided by 5001?
27
Calculate the remainder when 71276 is divided by 720.
716
What is the remainder when 28132 is divided by 935?
82
What is the remainder when 2959 is divided by 1391?
177
What is the remainder when 26950 is divided by 2446?
44
Calculate the remainder when 5002 is divided by 680.
242
Calculate the remainder when 454111 is divided by 37.
10
Calculate the remainder when 2251323 is divided by 363.
360
Calculate the remainder when 844 is divided by 713.
131
Calculate the remainder when 7594 is divided by 853.
770
What is the remainder when 1381 is divided by 122?
39
What is the remainder when 6966 is divided by 230?
66
Calculate the remainder when 85303 is divided by 12184.
15
Calculate the remainder when 3436 is divided by 594.
466
What is the remainder when 4571 is divided by 2260?
51
Calculate the remainder when 3892 is divided by 886.
348
What is the remainder when 1132 is divided by 190?
182
Calculate the remainder when 14122 is divided by 939.
37
What is the remainder when 7786 is divided by 144?
10
Calculate the remainder when 8824 is divided by 4371.
82
What is the remainder when 588027 is divided by 147005?
7
Calculate the remainder when 2834 is divided by 109.
0
What is the remainder when 2998 is divided by 334?
326
Calculate the remainder when 18859 is divided by 167.
155
Calculate the remainder when 5856 is divided by 5361.
495
What is the remainder when 800 is divided by 66?
8
Calculate the remainder when 76 is divided by 34.
8
Calculate the remainder when 166115 is divided by 6.
5
Calculate the remainder when 43418 is divided by 14470.
8
Calculate the remainder when 14348 is divided by 1022.
40
Calculate the remainder when 2667 is divided by 21.
0
What is the remainder when 29479 is divided by 54?
49
Calculate the remainder when 5819 is divided by 345.
299
What is the remainder when 196535 is divided by 39306?
5
Calculate the remainder when 18890 is divided by 134.
130
Calculate the remainder when 287050 is divided by 92.
10
Calculate the remainder when 526197 is divided by 200.
197
Calculate the remainder when 514368 is divided by 257172.
24
What is the remainder when 2992 is divided by 2950?
42
Calculate the remainder when 1561 is divided by 299.
66
Calculate the remainder when 27742 is divided by 179.
176
What is the remainder when 11996 is divided by 708?
668
What is the remainder when 21940 is divided by 448?
436
What is the remainder when 778 is divided by 79?
67
Calculate the remainder when 13370 is divided by 181.
157
What is the remainder when 11194 is divided by 859?
27
Calculate the remainder when 59864 is divided by 65.
64
Calculate the remainder when 1959144 is divided by 67.
64
Calculate the remainder when 44185 is divided by 276.
25
What is the remainder when 209071 is divided by 393?
388
Calculate the remainder when 888 is divided by 18.
6
Calculate the remainder when 271037 is divided by 597.
596
Calculate the remainder when 691937 is divided by 27.
8
Calculate the remainder when 11528 is divided by 5762.
4
Calculate the remainder when 1751067 is divided by 22.
21
What is the remainder when 131773 is divided by 646?
635
What is the remainder when 5101 is divided by 62?
17
Calculate the remainder when 116863 is divided by 64.
63
Calculate the remainder when 207135 is divided by 4931.
33
What is the remainder when 51728 is divided by 51728?
0
What is the remainder when 377 is divided by 255?
122
Calculate the remainder when 1789 is divided by 44.
29
What is the remainder when 35909 is divided by 17919?
71
Calculate the remainder when 44262 is divided by 487.
432
What is the remainder when 119968 is divided by 430?
428
Calculate the remainder when 1381 is divided by 764.
617
What is the remainder when 4784 is divided by 153?
41
What is the remainder when 195616 is divided by 97806?
4
What is the remainder when 209 is divided by 15?
14
What is the remainder when 47325 is divided by 198?
3
What is the remainder when 433943 is divided by 246?
245
Calculate the remainder when 732 is divided by 49.
46
Calculate the remainder when 15087 is divided by 130.
7
Calculate the remainder when 2054 is divided by 692.
670
What is the remainder when 271810 is divided by 7550?
10
Calculate the remainder when 87392 is divided by 21.
11
What is the remainder when 1005887 is divided by 744?
743
What is the remainder when 47599 is divided by 17?
16
What is the remainder when 5393 is divided by 4503?
890
What is the remainder when 3863466 is divided by 843?
840
What is the remainder when 117847 is divided by 3928?
7
What is the remainder when 25919 is divided by 100?
19
Calculate the remainder when 178 is divided by 8.
2
What is the remainder when 283906 is divided by 283873?
33
Calculate the remainder when 31697 is divided by 5280.
17
What is the remainder when 20490 is divided by 83?
72
Calculate the remainder when 575 is divided by 483.
92
Calculate the remainder when 21135 is divided by 13.
10
What is the remainder when 30084 is divided by 10026?
6
Calculate the remainder when 1601 is divided by 11.
6
What is the remainder when 3115 is divided by 1031?
22
What is the remainder when 15405 is divided by 1923?
21
Calculate the remainder when 3965 is divided by 215.
95
Calculate the remainder when 54386 is divided by 35.
31
What is the remainder when 702 is divided by 674?
28
What is the remainder when 4351 is divided by 870?
1
Calculate the remainder when 187073 is divided by 62340.
53
Calculate the remainder when 27693 is divided by 2769.
3
Calculate the remainder when 2294242 is divided by 194.
192
Calculate the remainder when 1005 is divided by 292.
129
Calculate the remainder when 440133 is divided by 25.
8
Calculate the remainder when 16184 is divided by 16183.
1
Calculate the remainder when 63214 is divided by 1812.
1606
Calculate the remainder when 66741 is divided by 373.
347
Calculate the remainder when 237289 is divided by 763.
759
What is the remainder when 64106 is divided by 11?
9
Calculate the remainder when 3431 is divided by 70.
1
Calculate the remainder when 12742 is divided by 423.
52
What is the remainder when 3812 is divided by 9?
5
Calculate the remainder when 17863 is divided by 745.
728
Calculate the remainder when 10544 is divided by 2634.
8
What is the remainder when 518 is divided by 215?
88
What is the remainder when 34869 is divided by 27?
12
What is the remainder when 8156 is divided by 80?
76
What is the remainder when 27830 is divided by 150?
80
What is the remainder when 11074 is divided by 5537?
0
What is the remainder when 1530 is divided by 296?
50
What is the remainder when 134293 is divided by 1255?
8
What is the remainder